ase 10) to base 14.
6
2 (base 15) to base 14
2
What is -36 (base 7) in base 6?
-43
7 (base 13) to base 9
7
-4 (base 14) to base 6
-4
Convert 1b (base 13) to base 6.
40
Convert -1 (base 6) to base 9.
-1
Convert 1101 (base 2) to base 4.
31
-9 (base 12) to base 13
-9
Convert 1 (base 12) to base 8.
1
-122 (base 7) to base 3
-2102
Convert 10 (base 4) to base 14.
4
What is 1 (base 13) in base 2?
1
Convert -130 (base 4) to base 10.
-28
6 (base 12) to base 9
6
What is -a (base 14) in base 3?
-101
-1 (base 14) to base 12
-1
What is -2210 (base 3) in base 13?
-5a
-202 (base 8) to base 10
-130
What is 9 (base 16) in base 14?
9
412 (base 6) to base 4
2120
-5 (base 15) to base 13
-5
What is 0 (base 10) in base 3?
0
What is 32 (base 10) in base 4?
200
1 (base 11) to base 4
1
-11 (base 3) to base 7
-4
Convert 8 (base 14) to base 7.
11
Convert -6 (base 7) to base 12.
-6
What is 22 (base 6) in base 14?
10
What is 10 (base 9) in base 7?
12
-7 (base 16) to base 5
-12
What is -3 (base 4) in base 2?
-11
5 (base 9) to base 2
101
Convert 1220 (base 3) to base 2.
110011
What is 1111 (base 2) in base 13?
12
Convert -13 (base 4) to base 9.
-7
What is -7 (base 10) in base 5?
-12
-72 (base 10) to base 16
-48
-12011 (base 3) to base 14
-9d
Convert -10 (base 14) to base 12.
-12
-9 (base 14) to base 2
-1001
What is 2 (base 11) in base 16?
2
Convert -15 (base 9) to base 5.
-24
What is 0 (base 4) in base 13?
0
What is 535 (base 6) in base 3?
21112
What is 10 (base 15) in base 10?
15
What is -3 (base 4) in base 16?
-3
-45 (base 9) to base 13
-32
Convert 10 (base 11) to base 14.
b
Convert -17 (base 11) to base 12.
-16
4d (base 14) to base 15
49
-6 (base 11) to base 12
-6
Convert -30 (base 6) to base 8.
-22
Convert -82 (base 10) to base 15.
-57
Convert 91 (base 15) to base 3.
12001
Convert -4 (base 6) to base 11.
-4
Convert -1102 (base 3) to base 9.
-42
-53 (base 15) to base 8
-116
101 (base 2) to base 14
5
-104 (base 6) to base 16
-28
Convert 2 (base 3) to base 13.
2
-2 (base 10) to base 4
-2
4 (base 6) to base 5
4
-5 (base 8) to base 13
-5
What is 2221 (base 3) in base 12?
67
What is -64 (base 12) in base 6?
-204
6 (base 8) to base 15
6
Convert -111000 (base 2) to base 10.
-56
Convert 68 (base 15) to base 13.
77
Convert 1 (base 5) to base 8.
1
Convert 34 (base 5) to base 16.
13
What is 11 (base 2) in base 16?
3
Convert 1 (base 9) to base 15.
1
Convert 0 (base 12) to base 16.
0
-4 (base 16) to base 12
-4
Convert 2 (base 10) to base 13.
2
Convert 3 (base 4) to base 12.
3
-101112 (base 3) to base 10
-284
-2 (base 10) to base 9
-2
Convert 48 (base 15) to base 4.
1010
Convert 2 (base 6) to base 16.
2
-3 (base 5) to base 14
-3
Convert 29 (base 12) to base 16.
21
Convert 16 (base 12) to base 10.
18
What is -10010101 (base 2) in base 8?
-225
Convert 3 (base 4) to base 15.
3
Convert 13 (base 4) to base 12.
7
Convert 7a (base 12) to base 6.
234
What is 152 (base 16) in base 3?
110112
12 (base 5) to base 14
7
-39 (base 11) to base 7
-60
What is 4 (base 7) in base 12?
4
What is 2 (base 10) in base 2?
10
What is 10100 (base 2) in base 7?
26
23 (base 9) to base 10
21
Convert 241 (base 8) to base 11.
137
What is 5 (base 6) in base 5?
10
What is 2 (base 11) in base 14?
2
Convert 8 (base 9) to base 12.
8
Convert 210 (base 6) to base 15.
53
-31 (base 4) to base 6
-21
What is 4 (base 7) in base 15?
4
What is -4 (base 15) in base 5?
-4
Convert -28 (base 11) to base 12.
-26
Convert -1 (base 11) to base 3.
-1
Convert 18 (base 10) to base 6.
30
Convert -45 (base 6) to base 3.
-1002
Convert d7 (base 16) to base 9.
258
What is -7 (base 12) in base 11?
-7
Convert -100 (base 2) to base 6.
-4
Convert 2111 (base 3) to base 5.
232
Convert 194 (base 15) to base 14.
1c0
6 (base 16) to base 4
12
What is 0 (base 5) in base 3?
0
Convert -3 (base 15) to base 11.
-3
8 (base 16) to base 8
10
-34 (base 13) to base 7
-61
Convert -2 (base 13) to base 3.
-2
What is 11 (base 10) in base 8?
13
Convert -173 (base 8) to base 3.
-11120
What is 2 (base 6) in base 16?
2
What is -31 (base 4) in base 8?
-15
Convert 1011 (base 2) to base 10.
11
What is 36 (base 13) in base 6?
113
-60 (base 14) to base 3
-10010
What is 255 (base 6) in base 4?
1223
What is 112 (base 14) in base 13?
134
What is 7 (base 16) in base 3?
21
What is -24 (base 14) in base 15?
-22
Convert -131 (base 5) to base 11.
-38
Convert 1000011 (base 2) to base 8.
103
Convert -c (base 15) to base 13.
-c
Convert -3 (base 5) to base 8.
-3
-2 (base 7) to base 16
-2
Convert 72 (base 8) to base 5.
213
Convert -126 (base 7) to base 11.
-63
Convert 1 (base 13) to base 3.
1
What is 1 (base 10) in base 15?
1
What is 16 (base 12) in base 4?
102
What is 55 (base 11) in base 4?
330
-4 (base 8) to base 6
-4
Convert -52 (base 9) to base 14.
-35
-19 (base 11) to base 3
-202
Convert -121 (base 5) to base 4.
-210
-21 (base 5) to base 8
-13
Convert 22 (base 8) to base 7.
24
Convert -337 (base 8) to base 9.
-267
What is 0 (base 7) in base 2?
0
What is 69 (base 10) in base 14?
4d
-44 (base 9) to base 8
-50
44 (base 12) to base 6
124
Convert -5 (base 15) to base 11.
-5
What is 452 (base 6) in base 13?
107
Convert -8 (base 16) to base 10.
-8
Convert -84 (base 9) to base 6.
-204
Convert -5 (base 7) to base 11.
-5
What is -14 (base 5) in base 4?
-21
3 (base 9) to base 2
11
Convert 2 (base 9) to base 11.
2
-1 (base 12) to base 15
-1
24 (base 7) to base 16
12
Convert 15 (base 15) to base 11.
19
What is 6 (base 9) in base 12?
6
What is -d4 (base 14) in base 8?
-272
What is -1 (base 6) in base 12?
-1
What is 11 (base 3) in base 15?
4
Convert 42 (base 14) to base 9.
64
What is 11 (base 2) in base 7?
3
-22011 (base 3) to base 8
-334
-6 (base 11) to base 6
-10
What is -222 (base 8) in base 14?
-a6
-113 (base 4) to base 2
-10111
Convert 140 (base 9) to base 8.
165
What is 2111 (base 5) in base 6?
1145
Convert -12b (base 12) to base 16.
-b3
1f (base 16) to base 13
25
Convert -233 (base 4) to base 10.
-47
Convert aa (base 12) to base 10.
130
What is -1 (base 15) in base 4?
-1
-30 (base 5) to base 9
-16
Convert -10001 (base 2) to base 6.
-25
-11 (base 3) to base 7
-4
What is -4 (base 11) in base 7?
-4
What is 0 (base 14) in base 13?
0
116 (base 12) to base 3
20000
What is 327 (base 10) in base 6?
1303
What is -1 (base 5) in base 4?
-1
What is 12 (base 6) in base 2?
1000
What is -52 (base 6) in base 11?
-2a
Convert -10 (base 3) to base 13.
-3
Convert 34 (base 11) to base 15.
27
-45 (base 8) to base 11
-34
-14a (base 16) to base 12
-236
Convert -210 (base 3) to base 12.
-19
3 (base 7) to base 16
3
Convert 26 (base 11) to base 8.
34
What is -14 (base 5) in base 16?
-9
What is -9a (base 13) in base 2?
-1111111
-3 (base 15) to base 6
-3
Convert -28 (base 11) to base 6.
-50
What is 1 (base 7) in base 6?
1
Convert 204 (base 5) to base 4.
312
Convert -20 (base 16) to base 6.
-52
What is 22 (base 6) in base 7?
20
-2 (base 16) to base 13
-2
-19 (base 11) to base 15
-15
Convert -51 (base 11) to base 2.
-111000
Convert -22 (base 4) to base 13.
-a
Convert -10 (base 7) to base 3.
-21
Convert -3 (base 11) to base 3.
-10
1 (base 11) to base 9
1
Convert -20 (base 13) to base 14.
-1c
-40 (base 5) to base 10
-20
-3 (base 11) to base 14
-3
-12 (base 7) to base 8
-11
Convert -201 (base 6) to base 7.
-133
Convert 10121 (base 3) to base 16.
61
88 (base 15) to base 12
a8
Convert -57 (base 16) to base 14.
-63
Convert -2221 (base 4) to base 6.
-441
-232 (base 7) to base 10
-121
What is 3 (base 12) in base 9?
3
What is -1403 (base 6) in base 13?
-21c
What is 10000 (base 2) in base 14?
12
What is -6 (base 13) in base 4?
-12
Convert 173 (base 8) to base 12.
a3
Convert -20 (base 14) to base 7.
-40
Convert -2 (base 3) to base 13.
-2
-17 (base 15) to base 5
-42
-7 (base 14) to base 5
-12
Convert 2013 (base 5) to base 14.
146
-2 (base 4) to base 15
-2
What is 38 (base 12) in base 4?
230
What is 15 (base 10) in base 9?
16
-41 (base 10) to base 16
-29
Convert 7 (base 10) to base 14.
7
What is 2 (base 4) in base 2?
10
What is 21120 (base 3) in base 9?
246
What is -202 (base 4) in base 16?
-22
2 (base 3) to base 14
2
301 (base 4) to base 13
3a
e3 (base 15) to base 3
21220
What is -3 (base 16) in base 9?
-3
What is 7 (base 9) in base 15?
7
What is 22 (base 8) in base 10?
18
What is 10 (base 14) in base 2?
1110
Convert -226 (base 7)